. Suppose -3*z + 250 = m. Is z a prime number?
False
Let l(w) = -129*w + 110. Is l(-27) a prime number?
True
Let g = 6 + -2. Let o be g*(5/4 - 2). Is ((-22)/6)/(1/o) prime?
True
Suppose -39 = 5*j + 6. Let m = j + 32. Let k = 102 - m. Is k prime?
True
Suppose 0 = -10*p + 7122 + 2488. Is p composite?
True
Suppose 2*g = 18 + 84. Is g a composite number?
True
Let y be (3/(0 + -1))/1. Is (y/6)/(3/(-186)) a composite number?
False
Suppose 21 = -5*j - 3*s, 0 = -2*j + 6*j + s + 14. Is 100 - (1 - 1) - j prime?
True
Is (-12675)/(-60) + (-1)/4 prime?
True
Let k = -245 - -512. Is k a prime number?
False
Let m = -1117 + 1598. Is m prime?
False
Suppose n - 216 - 369 = -2*w, 3*w - 888 = -5*n. Is w a composite number?
True
Let j = -125 - -231. Is j composite?
True
Suppose -3*v + 126 = -0*v. Let j = v + -9. Is j prime?
False
Let a(j) = j**2 + 12*j + 20. Let y be a(-10). Suppose -89 = -w + 2*c, y = -5*w + c - 3*c + 409. Is w composite?
False
Let r(o) be the third derivative of 29*o**4/6 - o**3/6 + 3*o**2. Is r(1) composite?
True
Suppose 9*l - 11*l = -138. Is l a composite number?
True
Suppose 0 = -2*c + 3*i - 5, -3*c - 3*i - 16 = i. Let s = c + 8. Is s a composite number?
True
Let a be 4/(-14) - 951/(-21). Suppose -3*g + a = -204. Is g composite?
False
Let l(t) = -t**2. Let m(u) = u**3 - 2*u**2 + 4*u + 1. Let d(z) = 5*l(z) - m(z). Let w = 3 - 7. Is d(w) prime?
True
Let y = -45 - -96. Let b = y - 18. Is b prime?
False
Let t = -84 - -155. Is t composite?
False
Suppose q - 622 = 13. Is q a prime number?
False
Suppose 3*n - 12 = -n. Suppose n*a = 4*a + 4*h - 15, -2*a + h = -39. Is a a prime number?
True
Let z be 7*-19 + 2*-1. Suppose 0 = -5*d - 960 - 730. Let g = z - d. Is g prime?
False
Suppose -2*w = -2*a + 712, -2*a + 4*w - 270 = -988. Is a a prime number?
True
Suppose -d - 472 = -5*d. Is d composite?
True
Suppose -7*p + 116 + 857 = 0. Is p a prime number?
True
Suppose 1140 + 1674 = 21*j. Is j a composite number?
True
Let z = -1478 + 2533. Is z a composite number?
True
Suppose 3*z = -5 + 11. Suppose 3*o + 1655 = 6*t - t, 4*t = -z*o + 1324. Is t a composite number?
False
Let j = 368 + 1141. Is j composite?
True
Let l(v) = v**2 + 5*v - 20. Is l(-11) a composite number?
True
Suppose 0 = 5*b - 4051 - 24. Is b a prime number?
False
Let f be (-1 - -3) + (-1 - -1). Suppose 2*r = -f*r. Suppose r = v - 39 - 28. Is v composite?
False
Let s(f) = f**3 + 3*f**2 + 3*f - 1. Let n be s(-4). Let q = 122 + n. Is q a prime number?
False
Let d(x) = x - 10. Let g be d(10). Suppose g = -4*w - 4, -3*w - 393 = -3*z + 171. Is z prime?
False
Suppose 216 = -3*v + 2*r, -4*v + r + 62 = 345. Let p = v - -103. Is p a composite number?
True
Let q be (-1 + 4)*1/1. Suppose 2*v = -3*p + 41, 0 = 2*p + 5*v + q - 45. Suppose -7*b = -6*b - p. Is b composite?
False
Let u(v) = v - 5. Let f be u(6). Suppose -j = -f - 2. Suppose -j*o = -7*o + 56. Is o composite?
True
Suppose 6 = 3*y - 9. Suppose 2*x - 3*x + 4*h = -130, 355 = 3*x - y*h. Suppose x = 5*u - 285. Is u a prime number?
True
Let u = -702 + 1297. Suppose -7*d = -2*d + u. Let y = -52 - d. Is y prime?
True
Suppose 4*m = 3*m + 5. Let b(t) = t**2 + 3*t - 3. Is b(m) composite?
False
Let m be 12*((-2)/3)/(-2). Let b(g) = -2*g**2 - 3*g**2 - 1 - 7*g + m*g**2. Is b(-5) a composite number?
True
Suppose -10 = 5*v, 4*v - 12 = 3*l - l. Let g = l - -99. Is g composite?
False
Let x(f) = 5*f + 4. Let c be x(4). Is c/(-16)*(-178)/3 a prime number?
True
Let c = 3 + -1. Let x = c - -4. Is x composite?
True
Let c(b) = 6*b**2 + b + 2. Let n be c(4). Suppose 0 = -s - 2*s + n. Is s a prime number?
False
Is (-4)/6 - (-5368)/24 a composite number?
False
Let b = 8 + -5. Suppose 5*o - b = -13. Is (-2)/(o/21) + 2 prime?
True
Suppose 5*i - 2*j + 3 = -2, 4*i = j - 7. Let t be (2 + i)*(-4 + -1). Let u(w) = 2*w - 7. Is u(t) a composite number?
False
Let q(m) = 17*m**2 + 2*m + 1. Is q(-4) prime?
False
Let f = -9 - -14. Suppose 3*k - 1459 = -f*p, -2*p - 588 = -4*p + k. Is p a composite number?
False
Suppose -4*u - 5*b + 606 = -3*b, -3*u + 437 = -2*b. Is u composite?
False
Let n = -32 - -55. Is n composite?
False
Let g = 0 - 0. Suppose 0 = 4*y - g*y - 188. Is y a composite number?
False
Suppose 0 = -a - 5 - 5. Is 5278/18 + a/45 prime?
True
Let k = 2314 - 1640. Is k prime?
False
Let b = 39 - 16. Let v = -1 + b. Is v prime?
False
Let h = 4 - 3. Let p = 11 - h. Let o(t) = 5*t - 11. Is o(p) a composite number?
True
Suppose -9 = -5*p + 11. Suppose -k - 2 = -p. Is 59 + (1 - (3 - k)) a prime number?
True
Let w be 256 + -1 - (2 + 0). Let u = w + -147. Is u prime?
False
Suppose -480 = -3*h + 2*t + t, t = 3. Is h prime?
True
Let q = -117 - -236. Is q composite?
True
Let x be 48/6 + -3 + 0. Suppose 6*l + 512 = v + 2*l, 0 = x*l - 15. Is (3/(-6))/((-2)/v) a prime number?
True
Suppose -14*c + 17 = -13*c. Suppose u - c = 5. Is u composite?
True
Let w = -2 - -5. Let g = 23 + w. Is (2 - 1 - 2) + g a composite number?
True
Suppose -62 = -c - 5*p, 0 = 5*c + 4*p + 78 - 283. Is c prime?
True
Let h(a) = 468*a**2 - 2*a + 1. Is h(1) a prime number?
True
Suppose f + 5*f - 498 = 0. Is f composite?
False
Suppose 110 = 6*k - 526. Is k prime?
False
Let s(x) be the first derivative of 10/3*x**3 + 6*x**2 - 3 - 1/4*x**4 + 15*x. Is s(11) a composite number?
True
Let v(r) be the second derivative of -r**5/20 - 7*r**4/6 - 2*r**3 + 19*r**2/2 + 10*r. Is v(-14) a composite number?
True
Let v = 184 + -97. Is v composite?
True
Is 3*(1 + (-1016)/(-12)) composite?
False
Suppose -4*u + 92 = 8. Is u composite?
True
Suppose -3*l + 2 = -4*v - l, -4*l = -5*v + 2. Let p be 21/(0 - v/4). Suppose -3*c + 40 = 4*s, 3*s = -5*c - 12 + p. Is s composite?
True
Suppose 0 = -4*h - 5*w + 3448, -h + 3*w + 871 = 2*w. Suppose -3*v + 300 = -y + 2*y, -h = -3*y + 2*v. Is y prime?
False
Let z(u) = 106*u**2 - 17*u**2 + 1 - u - 8. Is z(3) a composite number?
True
Let s(k) = -18*k**3 - 3*k**2 - k. Is s(-2) a composite number?
True
Let d(c) = -3*c**3 - 3*c**2 + 4*c + 4. Let r be d(-5). Suppose f - 4*f = b - r, -4*f = 4*b - 1176. Is b a prime number?
False
Is (-5 - 74)*(-2)/2 a prime number?
True
Let i = 94 + -201. Let o = i + 240. Is o prime?
False
Let b = 225 + -133. Is 1/(-3) + b/6 a prime number?
False
Suppose 48 = -6*q + 366. Is q a composite number?
False
Suppose w = 527 - 150. Is w a prime number?
False
Let a(v) = -303*v**3 + v**2 + v. Is a(-1) a composite number?
True
Let x(v) = v**2 - 1. Let o be x(-1). Let r(b) = b**3 + 2*b + o*b**2 - 6*b**2 - 4*b**2 + 11. Is r(10) a prime number?
True
Suppose 4*n - n = 84. Suppose 2*a = 6*a - n. Is a a prime number?
True
Suppose -12 = 5*t - 2*t. Let z be (-54)/t*(-14)/(-3). Let w = -10 + z. Is w a prime number?
True
Suppose j - 2271 = -2*j. Is j a composite number?
False
Is (270 - 3)*1/3 composite?
False
Is 109 - ((0 - 2) + 0) a prime number?
False
Let c be 8/3*(-66)/4. Let j = c - -75. Is j prime?
True
Let x(j) = 204*j**3 - j**2 - j + 1. Is x(1) a prime number?
False
Is 5/(10/656) - -3 prime?
True
Suppose 1417 + 171 = 2*s. Is s a composite number?
True
Let g(z) = -z**3 + 5*z**2 - 6*z - 7. Let l(x) = -x**3 + 6*x**2 - 7*x - 8. Let q(i) = 2*g(i) - 3*l(i). Let b = -22 + 30. Is q(b) a prime number?
False
Let m(o) = 5*o**2 + 10*o - 1. Let w(s) = -9*s**2 - 21*s + 3. Let r(v) = -11*m(v) - 6*w(v). Is r(6) prime?
True
Let q be -3*2/(-3)*-1. Let r = 2 - q. Is 42/4 + r/(-8) a composite number?
True
Suppose 0 = -3*c + 9 - 21. Let t be c + 6 + (-2)/(-2). Suppose 0 = -3*i + t*m + 105, i + 3*m = 5*i - 136. Is i a prime number?
True
Let k(v) = 2*v**2 - 8*v - 1. Is k(-5) composite?
False
Let v(m) = -m**2 - 3*m + 4. Suppose 0*o + 5*b = 2*o + 1, 0 = -o - 2*b - 5. Let p be v(o). Suppose 5*k + p*q - 651 = 0, -2*k = 2*q - 215 - 47. Is k composite?
False
Suppose 16101 = 5*z + 4*b, -2*z + 4*z + 2*b = 6440. Is z a composite number?
False
Suppose -3*g = -4*h - 3841, 4*h - 6*h - 2560 = -2*g. Is g a composite number?
False
Let v be (42/9)/(4/6). Suppose -m = -2*m + v. Is m a prime number?
True
Suppose 4*r = 2*r + 886. Is r composite?
False
Let s = 152 - 69. Is s a composite number?
False
Let k be 2/10 - (-114)/30. Suppose 3*w - 190 = -k*t, 0*t + 42 = t - 2*w. Is t a composite number?
True
Suppose 0 = 4*g + 2*x - 4 + 2, -x = -5*g + 13. Suppose 0 = -s - 5*p + 322, 629 = g*s + 3*p + 2*p. Is s prime?
True
Suppose -n + 7 = 3. Let v b